remainder when 35652 is divided by 1966.
264
Calculate the remainder when 1032245 is divided by 19.
13
What is the remainder when 5734 is divided by 230?
214
Calculate the remainder when 45627 is divided by 22812.
3
What is the remainder when 1379 is divided by 326?
75
What is the remainder when 128466 is divided by 18350?
16
Calculate the remainder when 2045 is divided by 620.
185
What is the remainder when 14491 is divided by 104?
35
Calculate the remainder when 118076 is divided by 38.
10
Calculate the remainder when 22667 is divided by 55.
7
What is the remainder when 134392 is divided by 4633?
35
Calculate the remainder when 10665 is divided by 72.
9
What is the remainder when 13594 is divided by 227?
201
What is the remainder when 4791 is divided by 4770?
21
What is the remainder when 9011 is divided by 43?
24
What is the remainder when 1494 is divided by 479?
57
What is the remainder when 114525 is divided by 76?
69
Calculate the remainder when 56711 is divided by 556.
555
What is the remainder when 1599 is divided by 762?
75
Calculate the remainder when 115 is divided by 38.
1
Calculate the remainder when 160132 is divided by 3724.
0
What is the remainder when 5241 is divided by 2589?
63
What is the remainder when 26295 is divided by 255?
30
What is the remainder when 80088 is divided by 5339?
3
Calculate the remainder when 2318183 is divided by 44.
43
Calculate the remainder when 500477 is divided by 170.
167
Calculate the remainder when 165 is divided by 30.
15
What is the remainder when 1688685 is divided by 157?
150
Calculate the remainder when 349214 is divided by 38801.
5
What is the remainder when 8954 is divided by 892?
34
What is the remainder when 114851 is divided by 927?
830
What is the remainder when 48338 is divided by 24157?
24
Calculate the remainder when 156088 is divided by 207.
10
Calculate the remainder when 15706 is divided by 19.
12
What is the remainder when 5170 is divided by 276?
202
What is the remainder when 3690 is divided by 110?
60
What is the remainder when 24721 is divided by 441?
25
What is the remainder when 7072 is divided by 144?
16
Calculate the remainder when 4175 is divided by 34.
27
Calculate the remainder when 65891 is divided by 305.
11
What is the remainder when 34359 is divided by 154?
17
Calculate the remainder when 315285 is divided by 79.
75
Calculate the remainder when 6328 is divided by 145.
93
Calculate the remainder when 34247 is divided by 17105.
37
What is the remainder when 119358 is divided by 406?
400
What is the remainder when 11312 is divided by 9874?
1438
What is the remainder when 25058 is divided by 151?
143
Calculate the remainder when 3408 is divided by 285.
273
Calculate the remainder when 38674 is divided by 466.
462
Calculate the remainder when 56997 is divided by 190.
187
What is the remainder when 476665 is divided by 79439?
31
Calculate the remainder when 7259 is divided by 11.
10
What is the remainder when 296292 is divided by 283?
274
What is the remainder when 17051 is divided by 2711?
785
What is the remainder when 2174 is divided by 716?
26
What is the remainder when 29753 is divided by 8?
1
Calculate the remainder when 47333 is divided by 385.
363
Calculate the remainder when 46487 is divided by 1794.
1637
Calculate the remainder when 90768 is divided by 393.
378
Calculate the remainder when 20927 is divided by 265.
257
What is the remainder when 12262 is divided by 12241?
21
Calculate the remainder when 2778 is divided by 313.
274
Calculate the remainder when 25630 is divided by 1423.
16
What is the remainder when 394 is divided by 321?
73
What is the remainder when 205907 is divided by 22878?
5
Calculate the remainder when 192574 is divided by 944.
942
Calculate the remainder when 128275 is divided by 9159.
49
What is the remainder when 5022 is divided by 5007?
15
What is the remainder when 60581 is divided by 12099?
86
Calculate the remainder when 28704 is divided by 407.
214
What is the remainder when 832 is divided by 287?
258
Calculate the remainder when 2943 is divided by 197.
185
What is the remainder when 71481 is divided by 17870?
1
What is the remainder when 2746 is divided by 66?
40
What is the remainder when 89852 is divided by 198?
158
What is the remainder when 9040 is divided by 113?
0
What is the remainder when 12268 is divided by 4046?
130
What is the remainder when 2291 is divided by 477?
383
What is the remainder when 9115 is divided by 413?
29
Calculate the remainder when 11097 is divided by 3571.
384
Calculate the remainder when 127584 is divided by 229.
31
What is the remainder when 10809 is divided by 5336?
137
What is the remainder when 178851 is divided by 154?
57
What is the remainder when 2088 is divided by 2024?
64
What is the remainder when 26234 is divided by 846?
8
Calculate the remainder when 6377 is divided by 1583.
45
Calculate the remainder when 22220 is divided by 11110.
0
Calculate the remainder when 329217 is divided by 236.
233
What is the remainder when 4973 is divided by 620?
13
What is the remainder when 12236 is divided by 3052?
28
Calculate the remainder when 1679 is divided by 98.
13
Calculate the remainder when 1694 is divided by 563.
5
What is the remainder when 11363 is divided by 1869?
149
Calculate the remainder when 374544 is divided by 130.
14
Calculate the remainder when 75910 is divided by 12.
10
What is the remainder when 18024 is divided by 196?
188
What is the remainder when 923 is divided by 633?
290
What is the remainder when 786 is divided by 374?
38
What is the remainder when 19522 is divided by 1219?
18
Calculate the remainder when 3418817 is divided by 995.
992
Calculate the remainder when 13633 is divided by 439.
24
Calculate the remainder when 247453 is divided by 423.
421
Calculate the remainder when 11108 is divided by 5091.
926
What is the remainder when 428699 is divided by 12?
11
What is the remainder when 35376 is divided by 8837?
28
Calculate the remainder when 1897 is divided by 1890.
7
Calculate the remainder when 2672 is divided by 537.
524
What is the remainder when 8296 is divided by 2738?
82
Calculate the remainder when 1912 is divided by 635.
7
Calculate the remainder when 5967 is divided by 33.
27
What is the remainder when 1974 is divided by 1955?
19
What is the remainder when 1941 is divided by 46?
9
Calculate the remainder when 144 is divided by 85.
59
Calculate the remainder when 15681 is divided by 784.
1
What is the remainder when 36867 is divided by 153?
147
What is the remainder when 9476 is divided by 50?
26
Calculate the remainder when 1500 is divided by 280.
100
What is the remainder when 4774 is divided by 12?
10
Calculate the remainder when 744 is divided by 86.
56
Calculate the remainder when 4332270 is divided by 159.
156
Calculate the remainder when 38203 is divided by 648.
619
Calculate the remainder when 21596 is divided by 492.
440
Calculate the remainder when 5166 is divided by 228.
150
Calculate the remainder when 19584 is divided by 78.
6
What is the remainder when 13387 is divided by 606?
55
What is the remainder when 35469 is divided by 277?
13
Calculate the remainder when 8886 is divided by 52.
46
What is the remainder when 215474 is divided by 195?
194
What is the remainder when 1344 is divided by 1164?
180
Calculate the remainder when 67839 is divided by 40.
39
Calculate the remainder when 68295 is divided by 22756.
27
What is the remainder when 7856 is divided by 5?
1
Calculate the remainder when 1329 is divided by 123.
99
What is the remainder when 29536 is divided by 104?
0
Calculate the remainder when 78009 is divided by 94.
83
Calculate the remainder when 46269 is divided by 192.
189
What is the remainder when 4338372 is divided by 2875?
2872
What is the remainder when 39364 is divided by 484?
160
What is the remainder when 2242 is divided by 546?
58
What is the remainder when 550 is divided by 140?
130
Calculate the remainder when 2906 is divided by 27.
17
What is the remainder when 96819 is divided by 470?
469
Calculate the remainder when 25737 is divided by 1497.
288
Calculate the remainder when 1746 is divided by 97.
0
What is the remainder when 4754 is divided by 16?
2
Calculate the remainder when 121808 is divided by 93.
71
Calculate the re